s digit of 109659?
6
What is the units digit of 521045?
5
What is the units digit of 1212146?
6
What is the millions digit of 2941921?
2
What is the thousands digit of 201355?
1
What is the tens digit of 13833406?
0
What is the hundreds digit of 11879?
8
What is the millions digit of 3709676?
3
What is the hundred thousands digit of 12693513?
6
What is the tens digit of 29070538?
3
What is the ten thousands digit of 17357948?
5
What is the ten thousands digit of 7391133?
9
What is the tens digit of 176545?
4
What is the hundreds digit of 12661222?
2
What is the ten thousands digit of 12473327?
7
What is the hundreds digit of 280772?
7
What is the hundred thousands digit of 336164?
3
What is the millions digit of 5680350?
5
What is the units digit of 2646301?
1
What is the ten thousands digit of 334083?
3
What is the units digit of 19342713?
3
What is the hundreds digit of 7644498?
4
What is the units digit of 164302?
2
What is the hundreds digit of 708375?
3
What is the ten thousands digit of 698256?
9
What is the units digit of 3082048?
8
What is the thousands digit of 2027144?
7
What is the units digit of 13011381?
1
What is the hundreds digit of 350115?
1
What is the hundred thousands digit of 185512?
1
What is the ten thousands digit of 72705?
7
What is the thousands digit of 1460278?
0
What is the units digit of 3083976?
6
What is the millions digit of 3191822?
3
What is the tens digit of 2252?
5
What is the thousands digit of 951041?
1
What is the thousands digit of 462561?
2
What is the hundreds digit of 995081?
0
What is the ten thousands digit of 488230?
8
What is the ten thousands digit of 13654774?
5
What is the hundreds digit of 214213?
2
What is the hundred thousands digit of 7475653?
4
What is the hundreds digit of 113865?
8
What is the ten thousands digit of 2342359?
4
What is the ten thousands digit of 3120839?
2
What is the hundreds digit of 284178?
1
What is the hundred thousands digit of 248860?
2
What is the thousands digit of 4831899?
1
What is the tens digit of 11492940?
4
What is the tens digit of 86210?
1
What is the hundreds digit of 6716?
7
What is the ten thousands digit of 2516527?
1
What is the units digit of 4133664?
4
What is the thousands digit of 8902395?
2
What is the thousands digit of 1546053?
6
What is the ten thousands digit of 39478020?
7
What is the hundreds digit of 10474073?
0
What is the units digit of 1121848?
8
What is the units digit of 7335843?
3
What is the thousands digit of 1015050?
5
What is the thousands digit of 2903388?
3
What is the units digit of 1228001?
1
What is the thousands digit of 4203281?
3
What is the units digit of 3094481?
1
What is the ten thousands digit of 1213804?
1
What is the tens digit of 1125385?
8
What is the thousands digit of 538207?
8
What is the thousands digit of 161469?
1
What is the units digit of 5135443?
3
What is the hundreds digit of 2434145?
1
What is the units digit of 291664?
4
What is the hundreds digit of 97804?
8
What is the hundreds digit of 877511?
5
What is the hundreds digit of 4552732?
7
What is the hundreds digit of 9325396?
3
What is the tens digit of 8798855?
5
What is the thousands digit of 1674747?
4
What is the ten thousands digit of 609654?
0
What is the hundred thousands digit of 5287591?
2
What is the ten thousands digit of 55603?
5
What is the tens digit of 773562?
6
What is the hundred thousands digit of 6626858?
6
What is the tens digit of 11659439?
3
What is the units digit of 1045794?
4
What is the hundred thousands digit of 1400036?
4
What is the hundred thousands digit of 9744367?
7
What is the hundreds digit of 476997?
9
What is the hundreds digit of 5859077?
0
What is the hundred thousands digit of 452017?
4
What is the millions digit of 26467385?
6
What is the millions digit of 3519641?
3
What is the hundreds digit of 449542?
5
What is the ten thousands digit of 9922027?
2
What is the hundreds digit of 1075957?
9
What is the units digit of 2151879?
9
What is the tens digit of 26818?
1
What is the units digit of 1081822?
2
What is the hundred thousands digit of 4979193?
9
What is the units digit of 91322?
2
What is the units digit of 128145?
5
What is the ten thousands digit of 370280?
7
What is the millions digit of 1849720?
1
What is the units digit of 15506?
6
What is the tens digit of 19406?
0
What is the tens digit of 4958781?
8
What is the tens digit of 27164039?
3
What is the millions digit of 24862162?
4
What is the tens digit of 92338?
3
What is the tens digit of 2418287?
8
What is the hundreds digit of 5955868?
8
What is the hundreds digit of 18190128?
1
What is the tens digit of 782351?
5
What is the hundred thousands digit of 15995541?
9
What is the hundreds digit of 373335?
3
What is the hundreds digit of 175599?
5
What is the thousands digit of 628568?
8
What is the hundreds digit of 1509159?
1
What is the hundred thousands digit of 1468013?
4
What is the units digit of 4754902?
2
What is the millions digit of 15728342?
5
What is the tens digit of 8114178?
7
What is the hundreds digit of 66377?
3
What is the tens digit of 1302967?
6
What is the ten thousands digit of 9732115?
3
What is the hundreds digit of 225441?
4
What is the units digit of 612990?
0
What is the ten thousands digit of 79809?
7
What is the thousands digit of 5557161?
7
What is the units digit of 2127945?
5
What is the tens digit of 14361064?
6
What is the hundred thousands digit of 184943?
1
What is the thousands digit of 166316?
6
What is the hundreds digit of 337622?
6
What is the units digit of 30448078?
8
What is the ten thousands digit of 877397?
7
What is the hundred thousands digit of 22478136?
4
What is the tens digit of 123843?
4
What is the hundreds digit of 8801004?
0
What is the hundreds digit of 227114?
1
What is the units digit of 569693?
3
What is the tens digit of 164153?
5
What is the hundred thousands digit of 7388604?
3
What is the units digit of 1792006?
6
What is the units digit of 23156?
6
What is the units digit of 48234?
4
What is the units digit of 106749?
9
What is the hundreds digit of 1109040?
0
What is the units digit of 2210333?
3
What is the ten millions digit of 28098654?
2
What is the ten thousands digit of 166305?
6
What is the thousands digit of 8315603?
5
What is the tens digit of 162377?
7
What is the tens digit of 232966?
6
What is the tens digit of 165261?
6
What is the hundred thousands digit of 748933?
7
What is the ten thousands digit of 720236?
2
What is the thousands digit of 146782?
6
What is the tens digit of 29754267?
6
What is the hundred thousands digit of 352967?
3
What is the ten thousands digit of 3190270?
9
What is the hundred thousands digit of 1553704?
5
What is the millions digit of 11346915?
1
What is the ten thousands digit of 259494?
5
What is the tens digit of 246002?
0
What is the units digit of 734043?
3
What is the tens digit of 635669?
6
What is the hundred thousands digit of 8577012?
5
What is the thousands digit of 169124?
9
What is the ten thousands digit of 22668?
2
What is the units digit of 5151498?
8
What is the hundred thousands digit of 127608?
1
What is the millions digit of 1493610?
1
What is the hundreds digit of 199200?
2
What is the millions digit of 6118198?
6
What is the millions digit of 4772095?
4
What is the ten thousands digit of 9590475?
9
What is the ten thousands digit of 9047039?
4
What is the tens digit of 3391864?
6
What is the hundreds digit of 2638183?
1
What is the millions digit of 3201704?
3
What is the millions digit of 14327200?
4
What is the hundred thousands digit of 213684?
2
What is the tens digit of 377199?
9
What is the units digit of 8669837?
7
What is the hundreds digit of 5375651?
6
What is the hundred thousands digit of 6494700?
4
What is the ten thousands digit of 1408566?
0
What is the units digit of 253688?
8
What is the hundreds digit of 6021290?
2
What is the units digit of 1310772?
2
What is the tens digit of 1249169?
6
What is the units digit of 1294757?
7
What is the hundreds digit of 11747067?
0
What is the thousands digit of 427270?
7
What is the ten thousands digit of 10134764?
3
What is the hundreds digit of 3103628?
6
What is the thousands digit of 737641?
7
What is the thousands digit of 9708579?
8
What is the thousands dig